What is m(w)?
-14
Let n(t) = -t**3 + 6*t**2 + 3*t - 7. Suppose 5*m - 156 = 4*s + 219, -3*s = m - 56. Let g = m - 65. Calculate n(g).
11
Let r(l) = l - 4. Suppose 2*c - 15 = -4*k + 5, -k + 12 = 4*c. Let v(b) = 2*b - 6. Let z be v(5). Suppose -w + z + 6 = 2*s, c = 2*w - 2*s. Give r(w).
0
Let j(n) = -n**2 + 3*n + 31. Let c(i) = -68*i - 277. Let p be c(-4). Determine j(p).
-9
Let t(s) = -s**2 - 3*s + 1. Suppose 0 = 3*x + 5*f + 16, 4*x + 2*f = -x + 5. Suppose x*w = -12 + 3. Determine t(w).
1
Let j(p) = -4*p - 2 + 6128*p**2 - 6125*p**2 + 10*p. Give j(4).
70
Let p be 0 + -6 + ((-330)/(-4))/11. Let o(w) be the first derivative of p*w**2 - 2/3*w**3 + 5 - w. What is o(2)?
-3
Suppose -46*r = 46*r - 368. Let g(c) be the first derivative of -6 - 2*c - 1/2*c**2 - 1/3*c**3 - 1/4*c**r. Calculate g(-2).
4
Let y(s) = -5*s**3 - s**2 - s + 1. Let a be 4 - (-11 + 7 + 7). Give y(a).
-6
Let o(p) = -3*p + 52. Let h be o(16). Let t(i) = -4 + i**2 - 35*i + 18*i + 13*i + 10. Give t(h).
6
Let r(t) = t**3 - 2*t**2 + 9*t + 24. Let s be r(-2). Let c(k) = -k - 14. Calculate c(s).
-4
Let t(i) be the third derivative of 7/120*i**5 - 3/2*i**3 + 9*i**2 + 0 + 1/12*i**4 + 0*i + 1/360*i**6. Let u(o) be the first derivative of t(o). Give u(-6).
-4
Let f(z) = z**3 - z + 2. Let o be (6 - 2)/(-4) + -1. Give f(o).
-4
Suppose 2*x + 5 - 15 = -3*i, 5*i = 10. Let q(b) = b + x*b - 4*b. Let d be (4 - 0) + -1 - 2. What is q(d)?
-1
Suppose 10 = -6*w - 8. Let l(b) = -2*b + 11. Let u(f) = f - 5. Let q(x) = -6*l(x) - 13*u(x). Calculate q(w).
2
Let a(p) = -8*p + 62. Let t(n) = -n**3 + 10*n**2 - 5*n - 27. Let o be t(9). What is a(o)?
-10
Suppose -m - 2 = -3*m. Suppose -m = 5*a - 11. Let d(g) = -5 + 0 + a + 3*g + g**2 - 6*g. Determine d(4).
1
Let k be 123/21 - 114/133. Let u(n) = -n + 14. Give u(k).
9
Suppose 0 = -4*t - 4 + 20. Let j(n) = -t*n - n - n**2 - n + 11*n - 2. Suppose 2*u = -2*u + 20. Calculate j(u).
-2
Suppose 0 = -5*v - 2*r + 330, -5*r = 5*v - v - 247. Let d = 75 - v. Let j(x) = x**3 - 8*x**2 + 7*x. Give j(d).
0
Suppose -4*a + 13 = -3*x, -3*x + a - 15 = -2*a. Let v(t) = -1233*t - 3 - 1238*t + 2469*t. Give v(x).
11
Let p(b) = 10*b**3 + b**2 - 1. Suppose 15 = -d - 2*d. Let a be 3 + 10/(d - -3). Let z(k) = k**2 + 2*k + 1. Let x be z(a). Give p(x).
10
Let y(a) = -a**3 + 4*a**2 - 5. Suppose 2*r = -3*p + 17, 2*p - 11 = -8*r + 7*r. Determine y(p).
-30
Suppose -u + 7 = 2*f, -f - 4*f + u = -21. Let h(z) = -z**3 + 5*z**2 - 3*z - 6. Give h(f).
-2
Suppose -2*l + 8 = -6*l. Let s(v) = 5*v + 5. Determine s(l).
-5
Let d(s) be the third derivative of -s**4/24 + s**3 + 72*s**2. Let c(u) = u**3 - 8*u**2 + 8*u - 1. Let h be c(7). Calculate d(h).
0
Let l be 90/(-12) - 1/(-2). Let i = l + 7. Let h(w) be the second derivative of w**3/6 - w**2 + 3*w. Give h(i).
-2
Let m(z) be the first derivative of z**3/3 + 5*z**2/2 - 67. Give m(-5).
0
Let z(f) be the third derivative of -19*f**4/24 + f**3/3 - 8*f**2 - 29*f. Determine z(-1).
21
Let f(a) = a**3 + 4*a**2 + 4*a + 3. Let g be (-4 - (-1 + -2)) + 4. Suppose 2*l = l - g. Calculate f(l).
0
Let c(d) = d. Let l(z) = -3*z**2. Let v(t) = -7*t**2 + t - 1. Let m(i) = -5*l(i) + 2*v(i). Let k(n) = 5*c(n) + m(n). Calculate k(-7).
-2
Let z = 21 + -24. Let u(x) be the first derivative of -5*x**2/2 - 18*x + 1. Let c(q) = 2*q + 6. Let p(d) = z*u(d) - 8*c(d). Calculate p(7).
-1
Let l(s) = -s**2 + 5*s - 4. Let y be 365/25 + 2/5. Suppose 12*r - 140 = -2*r. Suppose -5*b - y = -r*b. Determine l(b).
2
Suppose 4*p - 23 = 17. Let z = p + 11. Suppose 4*x = 3 + z. Let m(u) = -u**3 + 7*u**2 - 10*u + 8. What is m(x)?
-16
Let y be ((-2)/(-7))/(4/28). Let p(b) = b - 3 - 3 + y*b. Give p(4).
6
Let g(i) be the first derivative of i**6/360 + i**5/20 - i**4/8 + i**3/3 - 10. Let m(y) be the third derivative of g(y). Give m(-5).
-8
Let m(t) be the third derivative of t**5/60 - t**4/12 - t**3/6 + 27*t**2 + 2*t. Calculate m(3).
2
Let o be -2 - -5 - (4 + -2). Let n(f) = 2*f**3 + 1593*f**2 + 2*f**3 - 1591*f**2 - f - 2*f**3. Determine n(o).
3
Let w = -16 + 25. Let n = 11 - w. Let t(d) = -d**3 - d**2 + 2*d - 2. What is t(n)?
-10
Let m(k) be the first derivative of -k**3/3 - 3*k**2/2 + 12*k - 18. Let x(r) be the first derivative of m(r). Determine x(-3).
3
Let s = -27 - -27. Let h(m) be the third derivative of -m**4/24 + m**3/6 - 10*m**2. Give h(s).
1
Let o(x) be the third derivative of 11*x**6/120 + x**5/60 - x**3/6 + 293*x**2. What is o(1)?
11
Let z(j) = -j + 15. Let b(l) = 2*l**3 - 45*l**2 + 24*l - 33. Let o be b(22). Determine z(o).
4
Let p(f) = -f**2 - 5*f + 10. Suppose 2549*n + 84 = 2537*n. What is p(n)?
-4
Let b(k) = k**3 - 5*k**2 - k + 7. Let p(d) = d**3 - 3*d**2 - 45. Let g be p(5). Give b(g).
2
Let x(z) = 5*z**3 + 2*z**2 + z + 6. Let w(d) = 4*d**3 + 2*d**2 + 5. Let i(g) = -4*w(g) + 3*x(g). Suppose 4*c + 33 - 1 = 0. Let b = c + 5. Determine i(b).
-2
Let p(k) be the first derivative of 1/2*k**4 - 12 + 0*k**2 + 0*k + k**3. Determine p(-2).
-4
Let l(v) = -v**2 - 4*v + 6. Suppose 59*f = 56*f - 15. Let r(j) = j**2 + 4*j - 7. Let p(a) = f*r(a) - 6*l(a). Determine p(-2).
-5
Let q(w) = -5*w**2 + w. Let x(y) = 4*y**2 - 2*y - 1. Let v be -14 - 1 - (8 + -9). Let s be 35/v*6/5. Let t(h) = s*q(h) - 4*x(h). Calculate t(4).
8
Suppose 6*w + 415 = 511. Let d(a) = 2*a - 37. Determine d(w).
-5
Let h(n) be the third derivative of n**4/24 - 5*n**3/6 + 460*n**2 + 1. Give h(-8).
-13
Suppose 12*p - 11*p = 24. Let b be ((-5)/10)/((-2)/p). Let h(t) = t + 3. Calculate h(b).
9
Let a(x) = 4*x - 17. Let v = -24 + 29. Let g be a(v). Let l(z) = 3*z - 4. Calculate l(g).
5
Let n be (-25)/2*(-6)/15. Let d(w) = 5*w + 2 - n*w + w. Calculate d(5).
7
Let q be (3 + 2)*(60 - 61). Let y(z) = 2*z**2 + 8*z - 5*z**2 + 7 + 4*z**2. What is y(q)?
-8
Let h(a) = -a - 3. Let w be (1 - 62)/1*1. Let g = -37 - w. Let n = 27 - g. Give h(n).
-6
Let h(b) = 2*b + 1. Suppose -2*a + 8 = -2*i, 2*i - 4*a + 14 = -0*i. Calculate h(i).
-1
Let u(l) = -l**2 - 3. Suppose 0 = 20*j - 15*j - 195. Suppose -j = -4*p - 11. Suppose -11*k = -p*k. Give u(k).
-3
Let y(a) = a + 2. Let v be y(-8). Let s(u) be the first derivative of -3*u**2/2 - 7*u + 46. Determine s(v).
11
Let o be 1/1*(-53 + 53). Let j(b) be the second derivative of -1/20*b**5 - 2*b + 0*b**4 + 5/2*b**2 + 1/6*b**3 + 0. Calculate j(o).
5
Let m(n) be the third derivative of n**6/120 + n**5/12 - n**4/24 - n**3 + n**2 - 23. Let w be (-1 + 3)*10/(-4). What is m(w)?
-1
Suppose 0 = -4*x + 2*x + 14. Let j(k) = -6*k - 6 - 5*k + 21*k - x*k. Suppose 0 = -5*f - 44 + 64. Give j(f).
6
Let b = -107 + 114. Let c(k) = 6*k - 3*k - 5*k - b + 1. Give c(-6).
6
Let w(i) = -11*i + 7. Let h(o) = 1. Let r(b) = -6*h(b) + w(b). What is r(-1)?
12
Suppose -3*j + 2*j = -2*g - 10, 0 = -2*j - 4. Let v be -6*(6/9)/(-1). Let d(c) = 0*c + 4*c - v*c + 7 + 2*c. Determine d(g).
-5
Let v(m) = -7*m + m + 3*m + 8 + m + m. Determine v(6).
2
Suppose 4*p = -x - 17 + 28, -x - 17 = -3*p. Let v(b) = -b**2 + 6*b - 2. Give v(p).
6
Let w = -13 - -18. Let o(u) = -99*u + 208*u - 106*u - w. Suppose -q - 8 = -l, 0 = 3*l - 6*l - 3*q + 6. Give o(l).
10
Let j(i) be the first derivative of 19 - i - 5/2*i**2. Calculate j(4).
-21
Let a(b) = -3*b - 15. Let l be a(-6). Suppose 4*h - 2*h + l*s - 18 = 0, -h = -3*s + 9. Suppose -5 - 7 = h*d. Let i(v) = -v**3 - 5*v**2 - 6*v. Calculate i(d).
8
Let c(i) = -i**3 + 4*i**2 - 2*i - 2. Suppose 0 = 5*p - 5 - 5. Let s be (p/3)/((-5)/(-30)). What is c(s)?
-10
Let n(s) = 3*s - 7. Let w(u) be the second derivative of 2*u**3/3 + u**2 + 11*u. Let i be w(1). Give n(i).
11
Let b(a) be the first derivative of -a**6/360 - a**5/40 - a**4/8 + 17*a**3/3 + 3. Let l(o) be the third derivative of b(o). Determine l(-3).
-3
Let o(u) = u**3 + 16*u**2 + 15*u - 2. Let z(d) = d**3 - 4*d**2 - 29*d - 3. Let p be z(-4). Calculate o(p).
-2
Let y(x) = 2*x + 1. Let f be (6 - (0 + 1)) + -2. Suppose 4*l + f = 11. Suppose 2*i = 4*i + l. Give y(i).
-1
Suppose -4 = 4*m, 3*v - 43 = m - 0*m. Let b(o) = o**3 + 4*o**2 + 2*o + 4. Let l be b(-3). Let c(a) = 6 - l*a + 2*a - v + 4*a. Determine c(-6).
-2
Let y(c) = 18*c**2 - 91*c + 16. Let k be y(5). Let o(a) = -2*a - 2. What is o(k)?
-24
Let u(c) = 22*c**3 + 13 - 63*c**3 + 40*c**3 - 10*c**2 + c. Give u(-10).
3
Suppose -3*f = -11 - 64. Suppose 9*w = 14*w + f. Let v(a) = a**3 + 5*a**2 + 3. Calculate v(w).
3
Let q(z) = 2*z